he highest common divisor of 396589 and 1806.
43
Calculate the highest common factor of 196058511 and 1881.
1881
What is the greatest common factor of 1125 and 530451?
9
Calculate the greatest common divisor of 272609293 and 946.
473
What is the highest common divisor of 2972453 and 4763?
11
What is the greatest common divisor of 4189518 and 27?
9
What is the greatest common factor of 840 and 7482495?
15
Calculate the greatest common divisor of 16390977 and 10222.
5111
What is the greatest common factor of 162142618 and 246?
82
What is the greatest common factor of 9807433 and 97389?
3607
What is the highest common divisor of 15269229 and 130869?
3537
Calculate the greatest common factor of 47882772 and 2268.
756
What is the highest common factor of 4 and 181383892?
4
What is the highest common divisor of 22334 and 103532?
26
Calculate the highest common divisor of 50475168 and 288.
288
What is the greatest common divisor of 40970414 and 51808?
3238
Calculate the highest common factor of 1767622 and 292.
146
Calculate the highest common divisor of 3006483 and 1589592.
1857
Calculate the highest common factor of 223510 and 541415.
1085
Calculate the highest common divisor of 11583 and 124696.
143
Calculate the greatest common divisor of 14676413 and 7423.
571
What is the highest common factor of 9114 and 342612?
186
What is the highest common factor of 470354670 and 45?
45
What is the greatest common divisor of 2690970 and 969?
57
What is the highest common divisor of 3278392 and 48?
8
What is the highest common factor of 26 and 1847550?
2
What is the greatest common divisor of 40687 and 209438?
667
Calculate the highest common divisor of 7156126 and 658.
94
What is the highest common factor of 221 and 6209420?
17
What is the greatest common divisor of 1140314 and 66458?
658
Calculate the greatest common divisor of 504452689 and 21203.
3029
What is the highest common divisor of 297393015 and 3?
3
Calculate the highest common divisor of 21748 and 628.
4
What is the highest common divisor of 1698067 and 2116?
23
Calculate the greatest common factor of 545512 and 63448.
88
Calculate the greatest common factor of 231322 and 144935.
287
Calculate the greatest common divisor of 227578450 and 2750.
550
Calculate the highest common factor of 44295956 and 12224.
764
What is the highest common divisor of 5646 and 199023382?
1882
Calculate the greatest common factor of 8860 and 10340.
20
Calculate the highest common divisor of 1106681 and 3460.
173
What is the highest common factor of 4162040 and 2680?
2680
Calculate the greatest common factor of 3024 and 39144.
168
What is the highest common factor of 990518 and 149672?
706
What is the highest common factor of 182523 and 1397?
11
What is the greatest common factor of 120 and 567156?
12
Calculate the greatest common factor of 2 and 17256368.
2
Calculate the highest common divisor of 141 and 413357104.
47
Calculate the highest common divisor of 163950 and 4854.
6
Calculate the highest common divisor of 20 and 9903290.
10
Calculate the highest common divisor of 104976 and 4726836.
2916
What is the highest common divisor of 81378 and 36?
18
Calculate the greatest common divisor of 777 and 904102178.
259
What is the highest common factor of 312 and 5318469?
39
What is the highest common factor of 823 and 124741?
1
Calculate the greatest common factor of 456147 and 27.
9
What is the highest common divisor of 4503875 and 1475?
25
Calculate the greatest common divisor of 95 and 1109835505.
95
Calculate the greatest common divisor of 194375965 and 245.
35
What is the highest common factor of 156 and 18270564?
156
What is the highest common factor of 33022500 and 86394?
714
Calculate the highest common factor of 461939 and 415017.
809
Calculate the greatest common divisor of 1019789 and 7291.
317
What is the highest common factor of 7655 and 36356657?
1531
Calculate the highest common divisor of 23882298 and 11.
11
What is the highest common factor of 110974675 and 275?
25
What is the greatest common factor of 809177690 and 20?
10
What is the greatest common factor of 54648 and 1828?
4
What is the greatest common factor of 81201406 and 636636?
15158
Calculate the greatest common divisor of 339283 and 12467.
7
What is the greatest common divisor of 51 and 92840298?
51
What is the highest common divisor of 29347382 and 628?
314
What is the greatest common factor of 5859462 and 266?
14
What is the highest common divisor of 1505205 and 3555?
45
Calculate the highest common divisor of 2255 and 47390383.
41
Calculate the highest common divisor of 570 and 1000030.
10
Calculate the greatest common divisor of 2247 and 6775347.
321
What is the greatest common divisor of 1182 and 5372978?
394
Calculate the highest common divisor of 105581822 and 856.
214
Calculate the greatest common factor of 212629540 and 20.
20
Calculate the highest common factor of 699 and 27411285.
699
What is the highest common factor of 234642544 and 144?
16
Calculate the highest common factor of 1897738378 and 346.
346
What is the greatest common factor of 326 and 67609792?
326
What is the highest common factor of 167339515 and 140?
35
Calculate the highest common divisor of 1043 and 43633905.
1043
What is the highest common factor of 633895194 and 1358?
194
What is the greatest common divisor of 92364 and 835404?
516
Calculate the greatest common divisor of 49214 and 1034.
22
What is the highest common divisor of 1712 and 620517182?
214
What is the greatest common factor of 44 and 37003920?
4
What is the greatest common factor of 1477 and 230482?
7
What is the greatest common divisor of 256004 and 186632?
164
Calculate the highest common factor of 1502947163 and 193.
193
Calculate the greatest common divisor of 3640 and 2693080.
520
Calculate the greatest common divisor of 12569330 and 20.
10
What is the highest common factor of 66 and 13050202?
22
Calculate the highest common factor of 1204 and 2049859.
7
Calculate the greatest common divisor of 1028 and 143886076.
1028
What is the greatest common divisor of 370163 and 77027?
197
What is the highest common factor of 81890 and 48735?
95
What is the highest common divisor of 87312025 and 46?
23
Calculate the greatest common factor of 275840 and 90.
10
Calculate the greatest common divisor of 875 and 2077495.
35
Calculate the highest common divisor of 9945 and 49170069.
1989
Calculate the greatest common divisor of 858 and 173628026.
286
What is the highest common factor of 204054 and 990093?
1437
Calculate the highest common divisor of 3691020 and 1020.
60
Calculate the highest common divisor of 2349 and 724734.
27
Calculate the highest common divisor of 6511 and 1221387.
383
What is the greatest common factor of 425862 and 56286?
1062
Calculate the highest common factor of 46574 and 3973.
29
Calculate the greatest common divisor of 2257840 and 28780.
20
What is the greatest common divisor of 72201 and 492?
123
Calculate the highest common factor of 60492228 and 6.
6
Calculate the greatest common factor of 100 and 11291650.
50
What is the highest common divisor of 41082098 and 34?
34
What is the highest common divisor of 2950 and 23765750?
50
Calculate the greatest common factor of 10276 and 12660399.
367
What is the highest common divisor of 106216 and 30056?
136
What is the highest common divisor of 64 and 569068?
4
Calculate the greatest common factor of 44704 and 381381.
1397
What is the highest common factor of 11634 and 1552026?
42
Calculate the highest common divisor of 6279 and 307072402.
2093
What is the greatest common divisor of 1241996479 and 45069?
15023
Calculate the greatest common factor of 164 and 93513702.
82
What is the highest common factor of 2296184830 and 10?
10
What is the greatest common factor of 126982496 and 32?
32
What is the greatest common divisor of 24090 and 116946?
438
Calculate the greatest common divisor of 63104 and 49155058.
986
Calculate the highest common factor of 29133452 and 44.
4
What is the highest common divisor of 56 and 88038?
2
What is the greatest common factor of 5240 and 33671585?
655
What is the greatest common factor of 176944625 and 550?
275
What is the highest common factor of 39840 and 904?
8
What is the highest common factor of 88097 and 